factors of 1682729.
1063, 1583
What are the prime factors of 4173157?
83, 137, 367
What are the prime factors of 2909105?
5, 581821
List the prime factors of 974991.
3, 324997
What are the prime factors of 314062?
2, 7, 22433
What are the prime factors of 25340688?
2, 3, 19553
List the prime factors of 42442.
2, 21221
List the prime factors of 2207424.
2, 3, 11497
What are the prime factors of 5642120?
2, 5, 11, 12823
What are the prime factors of 1690552?
2, 211319
List the prime factors of 336939.
3, 31, 3623
What are the prime factors of 458546?
2, 11, 19, 1097
What are the prime factors of 611367?
3, 203789
What are the prime factors of 349864?
2, 101, 433
What are the prime factors of 485630?
2, 5, 48563
What are the prime factors of 305098?
2, 79, 1931
What are the prime factors of 6029304?
2, 3, 251221
What are the prime factors of 77846?
2, 38923
What are the prime factors of 167158?
2, 83579
List the prime factors of 173217.
3, 11, 29, 181
What are the prime factors of 375118?
2, 187559
What are the prime factors of 186669?
3, 7, 2963
List the prime factors of 3589372.
2, 53, 16931
What are the prime factors of 1062431?
653, 1627
What are the prime factors of 761940?
2, 3, 5, 17, 83
What are the prime factors of 13513603?
1933, 6991
What are the prime factors of 1649034?
2, 3, 17, 317
List the prime factors of 2473690.
2, 5, 247369
What are the prime factors of 297468?
2, 3, 8263
List the prime factors of 1293011.
1293011
List the prime factors of 11381532.
2, 3, 19, 49919
What are the prime factors of 1122287?
1122287
What are the prime factors of 54628?
2, 7, 1951
List the prime factors of 198046.
2, 99023
List the prime factors of 18283915.
5, 13, 281291
What are the prime factors of 418907?
509, 823
What are the prime factors of 761410?
2, 5, 13, 5857
List the prime factors of 7937352.
2, 3, 1361
What are the prime factors of 10652464?
2, 19, 67, 523
What are the prime factors of 1940925?
3, 5, 7, 3697
What are the prime factors of 493004?
2, 59, 2089
List the prime factors of 525864.
2, 3, 21911
List the prime factors of 7867199.
37, 212627
What are the prime factors of 1006919?
41, 599
List the prime factors of 12016799.
12016799
What are the prime factors of 5996191?
19, 315589
List the prime factors of 1559910.
2, 3, 5, 11, 29, 163
List the prime factors of 2334900.
2, 3, 5, 43, 181
What are the prime factors of 47853?
3, 13, 409
What are the prime factors of 5379753?
3, 1793251
What are the prime factors of 287777?
7, 839
What are the prime factors of 4365876?
2, 3, 43, 8461
What are the prime factors of 15601539?
3, 1327, 3919
List the prime factors of 5441412.
2, 3, 453451
List the prime factors of 33343422.
2, 3, 7, 23, 4931
What are the prime factors of 3945432?
2, 3, 31, 5303
List the prime factors of 20803519.
11, 1307, 1447
What are the prime factors of 8733241?
11, 793931
List the prime factors of 1746327.
3, 11, 52919
What are the prime factors of 243613?
243613
What are the prime factors of 3588102?
2, 3, 7, 28477
List the prime factors of 7396170.
2, 3, 5, 246539
List the prime factors of 24804955.
5, 7, 17, 47, 887
What are the prime factors of 971679?
3, 19, 17047
What are the prime factors of 1034683?
13, 19, 59, 71
What are the prime factors of 2165404?
2, 23, 23537
List the prime factors of 479715.
3, 5, 31981
What are the prime factors of 2033797?
2033797
What are the prime factors of 229702?
2, 11, 53, 197
What are the prime factors of 11615383?
13, 113, 7907
List the prime factors of 1548027.
3, 13, 101, 131
What are the prime factors of 4787279?
7, 47, 14551
List the prime factors of 17975717.
179, 233, 431
What are the prime factors of 695834?
2, 139, 2503
List the prime factors of 293335.
5, 7, 17, 29
What are the prime factors of 9617308?
2, 17, 233, 607
What are the prime factors of 190789?
101, 1889
What are the prime factors of 11050764?
2, 3, 23, 40039
List the prime factors of 17657865.
3, 5, 139, 941
What are the prime factors of 13166?
2, 29, 227
What are the prime factors of 1225161?
3, 7, 19447
What are the prime factors of 247735?
5, 49547
List the prime factors of 515288.
2, 41, 1571
What are the prime factors of 40543912?
2, 17, 241, 1237
List the prime factors of 1116185.
5, 7, 31891
List the prime factors of 22534823.
22534823
List the prime factors of 1554781.
1554781
What are the prime factors of 1462586?
2, 29, 151, 167
List the prime factors of 7224521.
7224521
List the prime factors of 11579417.
19, 609443
What are the prime factors of 193197?
3, 64399
List the prime factors of 1508500.
2, 5, 7, 431
What are the prime factors of 58184?
2, 7, 1039
What are the prime factors of 668177?
41, 43, 379
What are the prime factors of 2035437?
3, 678479
List the prime factors of 1399841.
491, 2851
List the prime factors of 30924199.
1453, 21283
What are the prime factors of 2696019?
3, 898673
What are the prime factors of 820232?
2, 7, 97, 151
What are the prime factors of 117220?
2, 5, 5861
List the prime factors of 752531.
13, 107, 541
What are the prime factors of 778315?
5, 155663
What are the prime factors of 38876912?
2, 281, 8647
List the prime factors of 2645914.
2, 17, 59, 1319
What are the prime factors of 217966?
2, 7, 15569
What are the prime factors of 2711042?
2, 101, 13421
What are the prime factors of 5390941?
1061, 5081
What are the prime factors of 1762028?
2, 440507
What are the prime factors of 632219?
7, 37, 2441
List the prime factors of 163199.
163199
What are the prime factors of 73415?
5, 14683
What are the prime factors of 25698231?
3, 13, 157, 1399
What are the prime factors of 131230?
2, 5, 11, 1193
What are the prime factors of 203904?
2, 3, 59
What are the prime factors of 5682230?
2, 5, 211, 2693
What are the prime factors of 2428876?
2, 607219
List the prime factors of 11400706.
2, 41, 139033
List the prime factors of 4376069.
1613, 2713
List the prime factors of 3473684.
2, 41, 59, 359
List the prime factors of 331734.
2, 3, 13, 4253
List the prime factors of 4640292.
2, 3, 157, 821
What are the prime factors of 399835?
5, 79967
List the prime factors of 19790037.
3, 97, 22669
What are the prime factors of 3983725?
5, 159349
What are the prime factors of 269975?
5, 10799
What are the prime factors of 1331452?
2, 43, 7741
List the prime factors of 17570205.
3, 5, 390449
List the prime factors of 1943785.
5, 388757
List the prime factors of 397699.
31, 12829
List the prime factors of 1974411.
3, 431, 509
List the prime factors of 10297690.
2, 5, 13, 113, 701
List the prime factors of 1119556.
2, 19, 14731
What are the prime factors of 124488?
2, 3, 7, 13, 19
What are the prime factors of 152156?
2, 38039
What are the prime factors of 215460?
2, 3, 5, 7, 19
What are the prime factors of 1546185?
3, 5, 103079
List the prime factors of 20586913.
20586913
List the prime factors of 29062358.
2, 13, 41, 137, 199
List the prime factors of 56026.
2, 109, 257
List the prime factors of 1460527.
29, 50363
List the prime factors of 4742415.
3, 5, 35129
List the prime factors of 108661.
7, 19, 43
What are the prime factors of 3303675?
3, 5, 14683
What are the prime factors of 1791004?
2, 59, 7589
What are the prime factors of 157266?
2, 3, 8737
List the prime factors of 5021856.
2, 3, 7, 47, 53
List the prime factors of 231244.
2, 13, 4447
List the prime factors of 16501606.
2, 11, 47, 15959
What are the prime factors of 255244?
2, 11, 5801
What are the prime factors of 12455108?
2, 19, 163883
What are the prime factors of 136510?
2, 5, 11, 17, 73
List the prime factors of 32717.
32717
List the prime factors of 334817.
7, 6833
What are the prime factors of 298444?
2, 74611
What are the prime factors of 1752639?
3, 7, 83459
List the prime factors of 336554.
2, 168277
What are the prime factors of 52879?
52879
What are the prime factors of 18332?
2, 4583
What are the prime factors of 534456?
2, 3, 13, 571
What are the prime factors of 1449661?
1449661
What are the prime factors of 798661?
269, 2969
List the prime factors of 1652297.
19, 23, 199
List the prime factors of 266828.
2, 41, 1627
What are the prime factors of 398236?
2, 99559
List the prime factors of 41758120.
2, 5, 17, 61409
List the prime factors of 13980436.
2, 29, 191, 631
What are the prime factors of 14516?